ctor of l and f.
6
Suppose -n = -4 + 2. Suppose 6*s - 2*s - 12 = -2*m, -n*m + 3*s + 47 = 0. Let h = -34 + 114. What is the greatest common divisor of m and h?
16
Let u(d) = -d**2 + 8*d + 10. Let c be u(8). Suppose -3*m - c = -40. Calculate the highest common factor of 30 and m.
10
Let a be ((-27)/6 + 1)*-8. Suppose -2*w - 6 = -q, -74 = -5*q + 2*w - a. Suppose 11*k = 9*k + 8. What is the greatest common divisor of k and q?
2
Let x = -2 - -1. Let r be (-2)/x + (4 - 2). Let w(z) = -z**3 + 5*z**2 - z - 1. Let o be w(r). Calculate the highest common factor of 121 and o.
11
Suppose 0*k = 5*k - 10. Suppose 4*y = -3*h + 17, 0*h - k = 2*y - 2*h. What is the highest common divisor of 4 and y?
2
Suppose -p = -5*a - 39, 4*p = a - 6*a + 81. Let k = -14 + p. What is the greatest common divisor of k and 40?
10
Suppose 2*t = h + 4, 4 = -2*h - 0*t + 2*t. Let p be 19 + -1 + h + 3. Let v(z) = z**2 + 8*z - 6. Let s be v(-10). What is the highest common divisor of p and s?
7
Let m(u) = 2*u + 2. Let n be m(1). Suppose -78 = -n*s + s. Let r be ((-5)/3)/(2/(-78)). Calculate the greatest common divisor of r and s.
13
Let z(y) = -y - 6. Let f be z(-5). Let u be 6/(-12)*(f - 55). Let c be (15/10)/(3/u). Calculate the highest common divisor of 14 and c.
14
Let w be 7*6 + -6 + 2. What is the greatest common divisor of 57 and w?
19
Suppose 6*t - 60 = -4*t. Calculate the greatest common factor of 96 and t.
6
Let s be 1*21*(-32)/24. Let a = s + 39. What is the greatest common factor of 121 and a?
11
Suppose 4*f + 2*z = z + 21, -5*f + 5*z - 5 = 0. Suppose -n + f*n = 18. Suppose 0 = m - 0 - 3. Calculate the highest common divisor of n and m.
3
Suppose -s = -3*v + 9, 4*v = -v + 25. Suppose -2*m = -8, -3*j + 2*m - 49 + 17 = 0. Let g be ((-36)/j)/(2/4). What is the highest common divisor of g and s?
3
Suppose 0 = 3*u + f - 72, u - f = 2*f + 34. Suppose m + 3 = 0, -2*m - 3*m = 4*a - u. Calculate the greatest common divisor of a and 4.
2
Suppose 5*z = 3*z + 48. Suppose 2*l = l + z. Calculate the highest common divisor of l and 12.
12
Let y(u) = -u**3 + 8*u**2 + 11*u - 1. Let l be y(9). What is the greatest common divisor of 153 and l?
17
Let x = -10 + 5. Let g = x + 13. Calculate the greatest common divisor of 80 and g.
8
Let u = 118 - 96. Suppose 2*p + 0*j = -3*j + 271, p + 2*j - 138 = 0. Let o = 216 - p. Calculate the greatest common divisor of o and u.
22
Suppose -2*w = 3*w + 20, 3*w = -d - 10. Let k = -2 - -1. Let u = k - -3. What is the highest common divisor of d and u?
2
Suppose 0 = 5*h + 8 - 3. Suppose -15 = -3*l, -2*x - 2*l = l - 19. Let b be x*h/(-2) - -11. Calculate the highest common factor of b and 3.
3
Let u(f) = 3*f**2 - 6*f + 6. Let n be u(4). Let l be (0 - (-2)/4)*0. Suppose -x + 6 = -l*x. What is the greatest common divisor of x and n?
6
Suppose -2*a - 3*a = -5. Suppose -v + a + 11 = 0. Let q(f) = 2*f**2 + 5*f + 6. Let b be q(-4). Calculate the greatest common divisor of v and b.
6
Let u = -45 + 47. Suppose -6*g = -g. Suppose y - 39 = -3*k + 2*y, -3*y - 9 = g. What is the highest common divisor of k and u?
2
Let z be (-3)/(93/(-42) - -2). Let w be 18/z + 6/(-21). Calculate the greatest common divisor of w and 3.
1
Let f(w) = 0*w**2 - 3*w + 4*w**3 - 4*w**2 - 3*w**3 + 6. Let r be f(4). Let x = 10 + r. Calculate the highest common divisor of x and 10.
2
Let r be 1 + 4 + (-15)/(-5). Calculate the highest common divisor of r and 88.
8
Let j = 13 + -2. What is the greatest common divisor of j and 77?
11
Suppose 5*l = -d - 2*d + 188, -d + 156 = 4*l. Suppose -l = q + 41. Let v be (4/6)/((-1)/q). Calculate the highest common factor of 6 and v.
6
Let f(c) = 21*c**2. Let m be f(1). Suppose -m - 35 = -t. Suppose -4*p = p - 40. What is the highest common divisor of t and p?
8
Suppose 0 = 5*w + 2*i - 150, w - 6*w - 3*i + 150 = 0. Suppose 0*g + w = g. Let p = -22 + 32. Calculate the highest common factor of p and g.
10
Suppose -3*t - 4*b = t - 172, -2*t = -2*b - 74. Calculate the highest common divisor of t and 160.
40
Suppose 0*b = -2*b + 22. What is the greatest common divisor of 33 and b?
11
Suppose 6 = 4*q - 5*d, 2*q - 5*d + 3 = 1. Let g be (-1503)/(-99) + q/(-22). What is the greatest common factor of 105 and g?
15
Let a = 36 - -12. What is the greatest common factor of a and 12?
12
Let u(h) = h + 5. Let w be u(-4). Let i(v) = 5*v**3 + v**2 - 1. Let f be i(1). Suppose -f = -2*t + 9. Calculate the greatest common divisor of w and t.
1
Suppose m + 48 = 2*u + 5*m, -3*u + 3*m + 45 = 0. Calculate the highest common factor of 6 and u.
6
Let q = -17 + 5. Let t be q/(2/(-4)*2). What is the highest common divisor of 96 and t?
12
Let k(s) = -s - 5. Let q(o) = -o**3 - 6*o**2 - 2*o + 6. Let y be q(-5). Let p be k(y). Suppose 2*f = 4 + p. What is the greatest common divisor of 12 and f?
4
Suppose 3*y - 2 = -w + 35, 4*y - 3*w = 45. Calculate the highest common divisor of y and 12.
12
Suppose 4*k + 184 = -4*p, 3*p = -2*k + 5*p - 108. Let y = k + 149. What is the greatest common factor of y and 11?
11
Let v = 1 - -1. Suppose 33 + 1 = v*z. What is the greatest common divisor of 153 and z?
17
Suppose 4*b - 918 = -b + q, -2*b = -4*q - 360. What is the greatest common divisor of 23 and b?
23
Let g be 124/((-7)/(21/(-6))). Suppose 0*t = -4*u - 5*t + 76, 28 = 2*u + 5*t. Suppose -2*a + g = u. Calculate the greatest common factor of a and 209.
19
Let k(s) = -4*s**3 - s + 1. Let b be k(-2). Suppose 3*y - 17 = 4. Calculate the highest common factor of y and b.
7
Let d = 3 - -1. Let c(m) = -4*m**3 - m + m**3 + 2*m**3 + d. Let r be c(-4). Calculate the highest common factor of 12 and r.
12
Let m(d) = d**3 + 5*d**2 + 4*d + 4. Let i be m(-2). What is the greatest common divisor of 8 and i?
8
Let w(o) = o**2 - 7*o + 8. Let a be w(8). What is the greatest common factor of 32 and a?
16
Let h(k) = 10*k - 17. Let c be h(2). Calculate the greatest common factor of 12 and c.
3
Let j(a) = -a**3 - 2*a**2 - 4*a + 2. Let c be j(-4). Calculate the greatest common factor of c and 20.
10
Let j(q) = -2*q**3 + 23*q**2 - 8*q + 13. Let i be j(11). Let c = -15 + -17. Let h = i + c. What is the highest common divisor of h and 70?
14
Let d(k) be the first derivative of k**4/6 - k + 1. Let z(r) be the first derivative of d(r). Let n be z(-4). What is the greatest common factor of n and 8?
8
Let a be 24/(-20)*5/(-2). Suppose a*h + 26 = -4. Let b be (12/h)/(2/(-5)). What is the greatest common factor of 33 and b?
3
Let z = -39 + 21. Let h be 5826/27 + (-4)/z. What is the highest common factor of 24 and h?
24
Let n be (-5 - 6/12)*-38. Calculate the greatest common divisor of 11 and n.
11
Let g = -38 - -40. Let d be ((-14)/5)/((-3)/30). Suppose -16 = -l + 4*p, 0*l - 4*p - d = -4*l. Calculate the highest common divisor of g and l.
2
Suppose z = 2*v + 11, 5*v = -0*z + z - 23. Suppose 4*g + 38 = -o + z*o, -4*g + 25 = 5*o. Let r be (5*2/5)/2. Calculate the highest common divisor of o and r.
1
Let k = -2 + 5. Suppose 0 = -3*f + 55 + 17. Suppose -f = -k*h - h. Calculate the highest common factor of h and 54.
6
Let i be -3 - (-5 + -1)/1. Suppose 4 = i*b - 8. Suppose -2*c = -b*c - 4*k + 10, -4*k + 3 = c. What is the greatest common divisor of c and 28?
7
Suppose -2*c - 3*y + 99 = -4*c, 4*c - y + 213 = 0. Let s = -33 - c. Let n = 7 + -4. Calculate the highest common divisor of n and s.
3
Let c(l) = -l**3 - 8*l**2 + 8*l - 8. Let f be c(-9). Let m(x) = 318*x**2 - x + 2. Let y be m(f). Calculate the greatest common divisor of 29 and y.
29
Let x(r) = r. Let f be x(5). Calculate the highest common divisor of 5 and f.
5
Let r(x) = x**2 - 5*x + 16. Let d be r(6). What is the greatest common factor of d and 22?
22
Suppose h + 4 = 2*h, 0 = -5*x + 4*h + 484. What is the greatest common divisor of x and 10?
10
Let x(a) = a**3 - 5*a**2 - 9*a + 8. Let n be x(6). Let u = n - -10. Let o be (u + -12)*(-1)/1. What is the greatest common divisor of o and 96?
12
Let d be (-18)/(-4) + 2/(-4). Suppose 0 = 4*u + 5*i + 25, -d*i - 16 = 4. Suppose u + 2 = 2*o. Calculate the highest common divisor of 1 and o.
1
Suppose 3*c - 4*c + 416 = 4*j, -5*c = 0. Calculate the highest common divisor of j and 13.
13
Let x = -16 - -24. What is the highest common divisor of x and 4?
4
Suppose -k = -m - 10, 20 = 2*k - 0*m + 5*m. Suppose -2*s + 4*r = -26, 0 = -0*s - 2*s - 5*